[INFO] cloning repository https://github.com/Staceadam/graphler
[INFO] running `Command { std: "git" "-c" "credential.helper=" "-c" "credential.helper=/workspace/cargo-home/bin/git-credential-null" "clone" "--bare" "https://github.com/Staceadam/graphler" "/workspace/cache/git-repos/https%3A%2F%2Fgithub.com%2FStaceadam%2Fgraphler", kill_on_drop: false }`
[INFO] [stderr] Cloning into bare repository '/workspace/cache/git-repos/https%3A%2F%2Fgithub.com%2FStaceadam%2Fgraphler'...
[INFO] running `Command { std: "git" "rev-parse" "HEAD", kill_on_drop: false }`
[INFO] [stdout] 35062b96a42fe118318e41cc395ed898e17d9e36
[INFO] checking Staceadam/graphler against master#9610dfe5a9a731ced1ea4923ecbd0c57fe367898 for beta-170-4
[INFO] running `Command { std: "git" "clone" "/workspace/cache/git-repos/https%3A%2F%2Fgithub.com%2FStaceadam%2Fgraphler" "/workspace/builds/worker-1-tc1/source", kill_on_drop: false }`
[INFO] [stderr] Cloning into '/workspace/builds/worker-1-tc1/source'...
[INFO] [stderr] done.
[INFO] validating manifest of git repo https://github.com/Staceadam/graphler on toolchain 9610dfe5a9a731ced1ea4923ecbd0c57fe367898
[INFO] running `Command { std: CARGO_HOME="/workspace/cargo-home" RUSTUP_HOME="/workspace/rustup-home" "/workspace/cargo-home/bin/cargo" "+9610dfe5a9a731ced1ea4923ecbd0c57fe367898" "metadata" "--manifest-path" "Cargo.toml" "--no-deps", kill_on_drop: false }`
[INFO] started tweaking git repo https://github.com/Staceadam/graphler
[INFO] finished tweaking git repo https://github.com/Staceadam/graphler
[INFO] tweaked toml for git repo https://github.com/Staceadam/graphler written to /workspace/builds/worker-1-tc1/source/Cargo.toml
[INFO] crate git repo https://github.com/Staceadam/graphler already has a lockfile, it will not be regenerated
[INFO] running `Command { std: CARGO_HOME="/workspace/cargo-home" RUSTUP_HOME="/workspace/rustup-home" "/workspace/cargo-home/bin/cargo" "+9610dfe5a9a731ced1ea4923ecbd0c57fe367898" "fetch" "--manifest-path" "Cargo.toml", kill_on_drop: false }`
[INFO] [stderr]     Updating crates.io index
[INFO] [stderr]  Downloading crates ...
[INFO] [stderr]   Downloaded rowan v0.15.10
[INFO] [stderr]   Downloaded serde_yaml v0.9.10
[INFO] [stderr]   Downloaded apollo-parser v0.4.1
[INFO] [stderr]   Downloaded serde_test v1.0.144
[INFO] running `Command { std: "docker" "create" "-v" "/var/lib/crater-agent-workspace/builds/worker-1-tc1/target:/opt/rustwide/target:rw,Z" "-v" "/var/lib/crater-agent-workspace/builds/worker-1-tc1/source:/opt/rustwide/workdir:ro,Z" "-v" "/var/lib/crater-agent-workspace/cargo-home:/opt/rustwide/cargo-home:ro,Z" "-v" "/var/lib/crater-agent-workspace/rustup-home:/opt/rustwide/rustup-home:ro,Z" "-e" "SOURCE_DIR=/opt/rustwide/workdir" "-e" "CARGO_TARGET_DIR=/opt/rustwide/target" "-e" "CARGO_HOME=/opt/rustwide/cargo-home" "-e" "RUSTUP_HOME=/opt/rustwide/rustup-home" "-w" "/opt/rustwide/workdir" "-m" "1610612736" "--user" "0:0" "--network" "none" "ghcr.io/rust-lang/crates-build-env/linux@sha256:19e73879b68f455e41552ea35293514db52ea292d993f571636dbffedb77a1ee" "/opt/rustwide/cargo-home/bin/cargo" "+9610dfe5a9a731ced1ea4923ecbd0c57fe367898" "metadata" "--no-deps" "--format-version=1", kill_on_drop: false }`
[INFO] [stdout] 8bb50402ad80446f4833846e8e76644512bbc2b25f9bb9bd9576189e80d4a811
[INFO] running `Command { std: "docker" "start" "-a" "8bb50402ad80446f4833846e8e76644512bbc2b25f9bb9bd9576189e80d4a811", kill_on_drop: false }`
[INFO] running `Command { std: "docker" "inspect" "8bb50402ad80446f4833846e8e76644512bbc2b25f9bb9bd9576189e80d4a811", kill_on_drop: false }`
[INFO] running `Command { std: "docker" "rm" "-f" "8bb50402ad80446f4833846e8e76644512bbc2b25f9bb9bd9576189e80d4a811", kill_on_drop: false }`
[INFO] [stdout] 8bb50402ad80446f4833846e8e76644512bbc2b25f9bb9bd9576189e80d4a811
[INFO] running `Command { std: "docker" "create" "-v" "/var/lib/crater-agent-workspace/builds/worker-1-tc1/target:/opt/rustwide/target:rw,Z" "-v" "/var/lib/crater-agent-workspace/builds/worker-1-tc1/source:/opt/rustwide/workdir:ro,Z" "-v" "/var/lib/crater-agent-workspace/cargo-home:/opt/rustwide/cargo-home:ro,Z" "-v" "/var/lib/crater-agent-workspace/rustup-home:/opt/rustwide/rustup-home:ro,Z" "-e" "SOURCE_DIR=/opt/rustwide/workdir" "-e" "CARGO_TARGET_DIR=/opt/rustwide/target" "-e" "CARGO_INCREMENTAL=0" "-e" "RUST_BACKTRACE=full" "-e" "RUSTFLAGS=--cap-lints=forbid" "-e" "RUSTDOCFLAGS=--cap-lints=forbid" "-e" "CARGO_HOME=/opt/rustwide/cargo-home" "-e" "RUSTUP_HOME=/opt/rustwide/rustup-home" "-w" "/opt/rustwide/workdir" "-m" "1610612736" "--user" "0:0" "--network" "none" "ghcr.io/rust-lang/crates-build-env/linux@sha256:19e73879b68f455e41552ea35293514db52ea292d993f571636dbffedb77a1ee" "/opt/rustwide/cargo-home/bin/cargo" "+9610dfe5a9a731ced1ea4923ecbd0c57fe367898" "check" "--frozen" "--all" "--all-targets" "--message-format=json", kill_on_drop: false }`
[INFO] [stdout] 76d72da55ad55eb6219d3e6d41bb8f5e2aa23e414c6a33cc694f2fb854687af9
[INFO] running `Command { std: "docker" "start" "-a" "76d72da55ad55eb6219d3e6d41bb8f5e2aa23e414c6a33cc694f2fb854687af9", kill_on_drop: false }`
[INFO] [stderr]    Compiling proc-macro2 v1.0.43
[INFO] [stderr]    Compiling unicode-ident v1.0.3
[INFO] [stderr]    Compiling quote v1.0.21
[INFO] [stderr]    Compiling syn v1.0.99
[INFO] [stderr]    Compiling serde_derive v1.0.144
[INFO] [stderr]    Compiling serde v1.0.144
[INFO] [stderr]     Checking hashbrown v0.12.3
[INFO] [stderr]    Compiling indexmap v1.9.1
[INFO] [stderr]    Compiling thiserror v1.0.38
[INFO] [stderr]     Checking countme v3.0.1
[INFO] [stderr]     Checking text-size v1.1.0
[INFO] [stderr]     Checking itoa v1.0.3
[INFO] [stderr]     Checking ryu v1.0.11
[INFO] [stderr]    Compiling serde_test v1.0.144
[INFO] [stderr]    Compiling serde_json v1.0.85
[INFO] [stderr]     Checking bytes v1.2.1
[INFO] [stderr]     Checking unsafe-libyaml v0.2.2
[INFO] [stderr]     Checking rowan v0.15.10
[INFO] [stderr]     Checking bytestring v1.1.0
[INFO] [stderr]    Compiling thiserror-impl v1.0.38
[INFO] [stderr]     Checking apollo-parser v0.4.1
[INFO] [stderr]     Checking serde_yaml v0.9.10
[INFO] [stderr]     Checking graphler v0.1.0 (/opt/rustwide/workdir)
[INFO] [stdout] error[E0583]: file not found for module `collection`
[INFO] [stdout]  --> src/lib.rs:2:1
[INFO] [stdout]   |
[INFO] [stdout] 2 | pub mod collection;
[INFO] [stdout]   | ^^^^^^^^^^^^^^^^^^^
[INFO] [stdout]   |
[INFO] [stdout]   = help: to create the module `collection`, create file "src/collection.rs" or "src/collection/mod.rs"
[INFO] [stdout] 
[INFO] [stdout] 
[INFO] [stdout] error[E0583]: file not found for module `collection`
[INFO] [stdout]  --> src/lib.rs:2:1
[INFO] [stdout]   |
[INFO] [stdout] 2 | pub mod collection;
[INFO] [stdout]   | ^^^^^^^^^^^^^^^^^^^
[INFO] [stdout]   |
[INFO] [stdout]   = help: to create the module `collection`, create file "src/collection.rs" or "src/collection/mod.rs"
[INFO] [stdout] 
[INFO] [stdout] 
[INFO] [stdout] error[E0432]: unresolved imports `crate::collection::Collection`, `crate::collection::Query`
[INFO] [stdout]  --> src/parser.rs:1:25
[INFO] [stdout]   |
[INFO] [stdout] 1 | use crate::collection::{Collection, Query};
[INFO] [stdout]   |                         ^^^^^^^^^^  ^^^^^ no `Query` in `collection`
[INFO] [stdout]   |                         |
[INFO] [stdout]   |                         no `Collection` in `collection`
[INFO] [stdout] 
[INFO] [stdout] 
[INFO] [stdout] error[E0432]: unresolved imports `crate::collection::Collection`, `crate::collection::Query`
[INFO] [stdout]  --> src/parser.rs:1:25
[INFO] [stdout]   |
[INFO] [stdout] 1 | use crate::collection::{Collection, Query};
[INFO] [stdout]   |                         ^^^^^^^^^^  ^^^^^ no `Query` in `collection`
[INFO] [stdout]   |                         |
[INFO] [stdout]   |                         no `Collection` in `collection`
[INFO] [stdout] 
[INFO] [stdout] 
[INFO] [stdout] warning: unused imports: `AstChildren`, `NamedType`, `OperationDefinition`, `SelectionSet`, `TokenKind`
[INFO] [stdout]  --> src/parser.rs:3:17
[INFO] [stdout]   |
[INFO] [stdout] 3 |     ast::{self, AstChildren, NamedType, OperationDefinition, Selection, SelectionSet},
[INFO] [stdout]   |                 ^^^^^^^^^^^  ^^^^^^^^^  ^^^^^^^^^^^^^^^^^^^             ^^^^^^^^^^^^
[INFO] [stdout] 4 |     Parser, TokenKind,
[INFO] [stdout]   |             ^^^^^^^^^
[INFO] [stdout]   |
[INFO] [stdout]   = note: `#[warn(unused_imports)]` on by default
[INFO] [stdout] 
[INFO] [stdout] 
[INFO] [stdout] warning: unused imports: `AstChildren`, `NamedType`, `OperationDefinition`, `SelectionSet`, `TokenKind`
[INFO] [stdout]  --> src/parser.rs:3:17
[INFO] [stdout]   |
[INFO] [stdout] 3 |     ast::{self, AstChildren, NamedType, OperationDefinition, Selection, SelectionSet},
[INFO] [stdout]   |                 ^^^^^^^^^^^  ^^^^^^^^^  ^^^^^^^^^^^^^^^^^^^             ^^^^^^^^^^^^
[INFO] [stdout] 4 |     Parser, TokenKind,
[INFO] [stdout]   |             ^^^^^^^^^
[INFO] [stdout]   |
[INFO] [stdout]   = note: `#[warn(unused_imports)]` on by default
[INFO] [stdout] 
[INFO] [stdout] 
[INFO] [stdout] error: aborting due to 2 previous errors; 1 warning emitted
[INFO] [stdout] 
[INFO] [stdout] 
[INFO] [stdout] Some errors have detailed explanations: E0432, E0583.
[INFO] [stdout] 
[INFO] [stdout] For more information about an error, try `rustc --explain E0432`.
[INFO] [stdout] 
[INFO] [stderr] error: could not compile `graphler` (lib) due to 3 previous errors; 1 warning emitted
[INFO] [stderr] warning: build failed, waiting for other jobs to finish...
[INFO] [stdout] error: aborting due to 2 previous errors; 1 warning emitted
[INFO] [stdout] 
[INFO] [stdout] 
[INFO] [stdout] Some errors have detailed explanations: E0432, E0583.
[INFO] [stdout] 
[INFO] [stdout] For more information about an error, try `rustc --explain E0432`.
[INFO] [stdout] 
[INFO] [stderr] error: could not compile `graphler` (lib test) due to 3 previous errors; 1 warning emitted
[INFO] running `Command { std: "docker" "inspect" "76d72da55ad55eb6219d3e6d41bb8f5e2aa23e414c6a33cc694f2fb854687af9", kill_on_drop: false }`
[INFO] running `Command { std: "docker" "rm" "-f" "76d72da55ad55eb6219d3e6d41bb8f5e2aa23e414c6a33cc694f2fb854687af9", kill_on_drop: false }`
[INFO] [stdout] 76d72da55ad55eb6219d3e6d41bb8f5e2aa23e414c6a33cc694f2fb854687af9
